{"id":709,"date":"2025-03-24T12:19:39","date_gmt":"2025-03-24T11:19:39","guid":{"rendered":"https:\/\/hogarenelmundo.riotormes.es\/?page_id=709"},"modified":"2025-04-23T08:11:21","modified_gmt":"2025-04-23T06:11:21","slug":"para-saber-mas","status":"publish","type":"page","link":"https:\/\/hogarenelmundo.riotormes.es\/?page_id=709","title":{"rendered":"El apoyo a los refugiados en Salamanca"},"content":{"rendered":"\n<p class=\"has-black-color has-text-color has-link-color wp-elements-0c9545c89fa196a503c14022246be9c9\"><strong>En Salamanca, diversas organizaciones trabajan para apoyar a personas refugiadas, inmigrantes y en situaci\u00f3n de vulnerabilidad. A continuaci\u00f3n, se presentan algunas de ellas:\u200b<\/strong><\/p>\n\n\n\n<hr class=\"wp-block-separator has-alpha-channel-opacity\"\/>\n\n\n\n<h4 class=\"wp-block-heading\"><strong>SALAMANCA ACOGE<\/strong><\/h4>\n\n\n\n<p>Es una ONG declarada de utilidad p\u00fablica que se dedica a mejorar el acceso y disfrute de los derechos de las personas migrantes y refugiadas. Ofrece servicios como asesoramiento jur\u00eddico, apoyo psicol\u00f3gico y programas de integraci\u00f3n social.\u200b<\/p>\n\n\n\n<ul class=\"wp-block-list\">\n<li><strong>Web Oficial:<\/strong> <a href=\"http:\/\/www.salamancaacoge.org\"><strong>http:\/\/www.salamancaacoge.org<\/strong><\/a><\/li>\n<\/ul>\n\n\n\n<hr class=\"wp-block-separator has-alpha-channel-opacity\"\/>\n\n\n\n<h4 class=\"wp-block-heading\"><strong>ACCEM SALAMANCA<\/strong><\/h4>\n\n\n\n<p>ACCEM es una organizaci\u00f3n sin \u00e1nimo de lucro especializada en la atenci\u00f3n a refugiados, inmigrantes y personas en riesgo de exclusi\u00f3n social. En Salamanca, gestionan un Centro de Atenci\u00f3n Integral que proporciona servicios de acogida, asesoramiento legal y apoyo en la integraci\u00f3n.<\/p>\n\n\n\n<ul class=\"wp-block-list\">\n<li><strong>Web Oficial:<\/strong> <a href=\"https:\/\/www.accem.es\/\">https:\/\/www.accem.es\/<\/a><\/li>\n<\/ul>\n\n\n\n<hr class=\"wp-block-separator has-alpha-channel-opacity\"\/>\n\n\n\n<h4 class=\"wp-block-heading\"><strong>CRUZ ROJA SALAMANCA<\/strong><\/h4>\n\n\n\n<p>Cruz Roja Espa\u00f1ola en Salamanca participa en planes de acogida e integraci\u00f3n de refugiados, ofreciendo alojamiento digno, ayudas para cubrir necesidades b\u00e1sicas y acompa\u00f1amiento durante el proceso de adaptaci\u00f3n.\u200b<\/p>\n\n\n\n<ul class=\"wp-block-list\">\n<li><strong>Web Oficial:<\/strong> <a href=\"https:\/\/www.servicioscruzroja.com\">https:\/\/www.servicioscruzroja.com<\/a><\/li>\n<\/ul>\n\n\n\n<hr class=\"wp-block-separator has-alpha-channel-opacity\"\/>\n\n\n\n<h4 class=\"wp-block-heading\"><strong>C\u00c1RITAS DIOCESANA DE SALAMANCA<\/strong><\/h4>\n\n\n\n<p>C\u00e1ritas trabaja en la acogida e integraci\u00f3n de personas refugiadas, proporcionando apoyo en \u00e1reas como alojamiento, alimentaci\u00f3n y asesoramiento para facilitar su inclusi\u00f3n en la sociedad.\u200b<\/p>\n\n\n\n<ul class=\"wp-block-list\">\n<li><strong>Web oficial: <\/strong><a href=\"https:\/\/www.caritasalamanca.org\">https:\/\/www.caritasalamanca.org<\/a><\/li>\n<\/ul>\n\n\n\n<hr class=\"wp-block-separator has-alpha-channel-opacity\"\/>\n\n\n\n<h4 class=\"wp-block-heading\"><strong>YMCA SALAMANCA<\/strong><\/h4>\n\n\n\n<p>YMCA desarrolla programas de acogida y desarrollo integral para la inclusi\u00f3n y participaci\u00f3n de personas refugiadas. Ofrecen alojamiento, manutenci\u00f3n y asesoramiento psicol\u00f3gico, jur\u00eddico y social durante los primeros meses en Espa\u00f1a.\u200b<\/p>\n\n\n\n<ul class=\"wp-block-list\">\n<li><strong>Web Oficial: <\/strong><a href=\"https:\/\/www.ymca.es\">https:\/\/www.ymca.es<\/a><\/li>\n<\/ul>\n\n\n\n<hr class=\"wp-block-separator has-alpha-channel-opacity\"\/>\n\n\n\n<h4 class=\"wp-block-heading\"><strong>CONVIVE (Fundaci\u00f3n Cepaim)<\/strong><\/h4>\n\n\n\n<p>Esta fundaci\u00f3n ofrece programas de acci\u00f3n integral con migrantes, incluyendo atenci\u00f3n y acogida a personas refugiadas e inmigrantes en Salamanca.\u200b<\/p>\n\n\n\n<ul class=\"wp-block-list\">\n<li><strong>Web Oficial: <\/strong><a href=\"https:\/\/www.cepaim.org\/centro\/salamanca\">https:\/\/www.cepaim.org\/centro\/salamanca<\/a><\/li>\n<\/ul>\n\n\n\n<hr class=\"wp-block-separator has-alpha-channel-opacity\"\/>\n\n\n\n<p>Adem\u00e1s de estas organizaciones, el Ayuntamiento y la Diputaci\u00f3n de Salamanca <a href=\"https:\/\/www.aytosalamanca.es\/en\/w\/ayuntamiento-diputaci\u00f3n-cruz-roja-accem-y-c\u00e1ritas-dise\u00f1an-un-plan-de-trabajo-para-la-acogida-e-integraci\u00f3n-de-refugiados-con-alojamiento-ayudas-y-acompa\u00f1amiento\">colaboran<\/a> con algunas de ellas para dise\u00f1ar planes de trabajo destinados a la acogida e integraci\u00f3n de refugiados, ofreciendo alojamiento, ayudas y acompa\u00f1amiento durante el proceso de adaptaci\u00f3n.<\/p>\n\n\n\n<p><\/p>\n\n\n\n<p class=\"has-black-color has-text-color has-link-color wp-elements-92fc2296b609ba36bad47ac36ba69a1d\"><strong>Si est\u00e1s interesado en colaborar o necesitas asistencia, te recomendamos contactar directamente con estas organizaciones para obtener informaci\u00f3n m\u00e1s detallada y actualizada sobre sus servicios y programas en Salamanca<\/strong><\/p>\n\n\n\n<p><\/p>\n","protected":false},"excerpt":{"rendered":"<p>En Salamanca, diversas organizaciones trabajan para apoyar a personas refugiadas, inmigrantes y en situaci\u00f3n de&hellip;<\/p>\n","protected":false},"author":1,"featured_media":1198,"parent":0,"menu_order":0,"comment_status":"closed","ping_status":"closed","template":"","meta":{"footnotes":""},"class_list":["post-709","page","type-page","status-publish","has-post-thumbnail","hentry"],"_links":{"self":[{"href":"https:\/\/hogarenelmundo.riotormes.es\/index.php?rest_route=\/wp\/v2\/pages\/709","targetHints":{"allow":["GET"]}}],"collection":[{"href":"https:\/\/hogarenelmundo.riotormes.es\/index.php?rest_route=\/wp\/v2\/pages"}],"about":[{"href":"https:\/\/hogarenelmundo.riotormes.es\/index.php?rest_route=\/wp\/v2\/types\/page"}],"author":[{"embeddable":true,"href":"https:\/\/hogarenelmundo.riotormes.es\/index.php?rest_route=\/wp\/v2\/users\/1"}],"replies":[{"embeddable":true,"href":"https:\/\/hogarenelmundo.riotormes.es\/index.php?rest_route=%2Fwp%2Fv2%2Fcomments&post=709"}],"version-history":[{"count":13,"href":"https:\/\/hogarenelmundo.riotormes.es\/index.php?rest_route=\/wp\/v2\/pages\/709\/revisions"}],"predecessor-version":[{"id":1191,"href":"https:\/\/hogarenelmundo.riotormes.es\/index.php?rest_route=\/wp\/v2\/pages\/709\/revisions\/1191"}],"wp:featuredmedia":[{"embeddable":true,"href":"https:\/\/hogarenelmundo.riotormes.es\/index.php?rest_route=\/wp\/v2\/media\/1198"}],"wp:attachment":[{"href":"https:\/\/hogarenelmundo.riotormes.es\/index.php?rest_route=%2Fwp%2Fv2%2Fmedia&parent=709"}],"curies":[{"name":"wp","href":"https:\/\/api.w.org\/{rel}","templated":true}]}}